?
5, 101
What are the prime factors of 20?
2, 5
List the prime factors of 6970.
2, 5, 17, 41
List the prime factors of 789.
3, 263
What are the prime factors of 64038?
2, 3, 13, 821
What are the prime factors of 24344?
2, 17, 179
List the prime factors of 31840.
2, 5, 199
What are the prime factors of 9641?
31, 311
List the prime factors of 3581.
3581
What are the prime factors of 4602?
2, 3, 13, 59
List the prime factors of 468.
2, 3, 13
List the prime factors of 801.
3, 89
List the prime factors of 1915.
5, 383
What are the prime factors of 76715?
5, 67, 229
List the prime factors of 936.
2, 3, 13
What are the prime factors of 4622?
2, 2311
What are the prime factors of 43793?
43793
What are the prime factors of 8548?
2, 2137
What are the prime factors of 125940?
2, 3, 5, 2099
What are the prime factors of 54775?
5, 7, 313
List the prime factors of 708.
2, 3, 59
List the prime factors of 5026.
2, 7, 359
List the prime factors of 10658.
2, 73
List the prime factors of 39651.
3, 13217
List the prime factors of 63751.
37, 1723
List the prime factors of 17870.
2, 5, 1787
What are the prime factors of 295?
5, 59
List the prime factors of 9598.
2, 4799
What are the prime factors of 5420?
2, 5, 271
List the prime factors of 17231.
17231
What are the prime factors of 500?
2, 5
List the prime factors of 8652.
2, 3, 7, 103
What are the prime factors of 2583?
3, 7, 41
What are the prime factors of 9091?
9091
List the prime factors of 52368.
2, 3, 1091
What are the prime factors of 1687?
7, 241
List the prime factors of 27090.
2, 3, 5, 7, 43
What are the prime factors of 31458?
2, 3, 7, 107
List the prime factors of 1684.
2, 421
List the prime factors of 3192.
2, 3, 7, 19
What are the prime factors of 2430?
2, 3, 5
What are the prime factors of 2524?
2, 631
What are the prime factors of 62092?
2, 19, 43
List the prime factors of 3212.
2, 11, 73
What are the prime factors of 58718?
2, 11, 17, 157
List the prime factors of 1115.
5, 223
List the prime factors of 978.
2, 3, 163
List the prime factors of 1453.
1453
What are the prime factors of 86607?
3, 9623
What are the prime factors of 164830?
2, 5, 53, 311
What are the prime factors of 1512?
2, 3, 7
List the prime factors of 5929.
7, 11
What are the prime factors of 4079?
4079
List the prime factors of 4255.
5, 23, 37
List the prime factors of 32640.
2, 3, 5, 17
List the prime factors of 10520.
2, 5, 263
List the prime factors of 23272.
2, 2909
What are the prime factors of 3934?
2, 7, 281
List the prime factors of 4218.
2, 3, 19, 37
What are the prime factors of 1489?
1489
What are the prime factors of 3354?
2, 3, 13, 43
List the prime factors of 131092.
2, 13, 2521
What are the prime factors of 1427?
1427
What are the prime factors of 222?
2, 3, 37
What are the prime factors of 384?
2, 3
List the prime factors of 1747.
1747
List the prime factors of 431.
431
List the prime factors of 16096.
2, 503
What are the prime factors of 72600?
2, 3, 5, 11
What are the prime factors of 223?
223
What are the prime factors of 91997?
91997
List the prime factors of 4001.
4001
What are the prime factors of 45908?
2, 23, 499
List the prime factors of 5804.
2, 1451
List the prime factors of 36362.
2, 18181
List the prime factors of 6378.
2, 3, 1063
What are the prime factors of 23211?
3, 2579
List the prime factors of 7637.
7, 1091
List the prime factors of 24362.
2, 13, 937
What are the prime factors of 6369?
3, 11, 193
List the prime factors of 40710.
2, 3, 5, 23, 59
What are the prime factors of 759?
3, 11, 23
List the prime factors of 2689.
2689
List the prime factors of 5063.
61, 83
List the prime factors of 2643.
3, 881
List the prime factors of 24145.
5, 11, 439
What are the prime factors of 44528?
2, 11, 23
What are the prime factors of 502?
2, 251
What are the prime factors of 2758?
2, 7, 197
What are the prime factors of 16180?
2, 5, 809
List the prime factors of 50158.
2, 31, 809
What are the prime factors of 939?
3, 313
What are the prime factors of 1308?
2, 3, 109
What are the prime factors of 19478?
2, 9739
List the prime factors of 253.
11, 23
What are the prime factors of 1030?
2, 5, 103
List the prime factors of 32670.
2, 3, 5, 11
What are the prime factors of 135?
3, 5
List the prime factors of 1751.
17, 103
What are the prime factors of 412?
2, 103
List the prime factors of 90047.
53, 1699
What are the prime factors of 1919?
19, 101
What are the prime factors of 4043?
13, 311
List the prime factors of 141869.
7, 13, 1559
What are the prime factors of 79179?
3, 26393
What are the prime factors of 63803?
63803
List the prime factors of 28859.
28859
List the prime factors of 2192.
2, 137
What are the prime factors of 89959?
89959
List the prime factors of 339.
3, 113
List the prime factors of 206.
2, 103
List the prime factors of 1184.
2, 37
What are the prime factors of 25298?
2, 7, 13, 139
What are the prime factors of 50166?
2, 3, 929
What are the prime factors of 25541?
25541
What are the prime factors of 5196?
2, 3, 433
What are the prime factors of 1164?
2, 3, 97
What are the prime factors of 4919?
4919
List the prime factors of 109847.
109847
List the prime factors of 22936.
2, 47, 61
List the prime factors of 1634.
2, 19, 43
What are the prime factors of 32994?
2, 3, 13, 47
List the prime factors of 21953.
29, 757
What are the prime factors of 1772?
2, 443
List the prime factors of 17636.
2, 4409
List the prime factors of 13324.
2, 3331
What are the prime factors of 1528?
2, 191
What are the prime factors of 20729?
19, 1091
What are the prime factors of 658?
2, 7, 47
List the prime factors of 37807.
7, 11, 491
What are the prime factors of 14359?
83, 173
List the prime factors of 2896.
2, 181
List the prime factors of 1045.
5, 11, 19
What are the prime factors of 3306?
2, 3, 19, 29
What are the prime factors of 43615?
5, 11, 13, 61
What are the prime factors of 2378?
2, 29, 41
List the prime factors of 981.
3, 109
List the prime factors of 9306.
2, 3, 11, 47
List the prime factors of 77016.
2, 3, 3209
What are the prime factors of 8777?
67, 131
What are the prime factors of 765?
3, 5, 17
What are the prime factors of 79?
79
List the prime factors of 2615.
5, 523
What are the prime factors of 122?
2, 61
List the prime factors of 4672.
2, 73
List the prime factors of 54245.
5, 19, 571
What are the prime factors of 1812?
2, 3, 151
What are the prime factors of 326?
2, 163
What are the prime factors of 8813?
7, 1259
List the prime factors of 2.
2
List the prime factors of 15752.
2, 11, 179
What are the prime factors of 1945?
5, 389
List the prime factors of 7765.
5, 1553
What are the prime factors of 7923?
3, 19, 139
List the prime factors of 87.
3, 29
List the prime factors of 8594.
2, 4297
List the prime factors of 28142.
2, 14071
List the prime factors of 4115.
5, 823
What are the prime factors of 156649?
43, 3643
List the prime factors of 48618.
2, 3, 37, 73
What are the prime factors of 11814?
2, 3, 11, 179
What are the prime factors of 150868?
2, 37717
List the prime factors of 10504.
2, 13, 101
What are the prime factors of 103?
103
List the prime factors of 39668.
2, 47, 211
What are the prime factors of 4680?
2, 3, 5, 13
List the prime factors of 4324.
2, 23, 47
List the prime factors of 13759.
13759
List the prime factors of 20945.
5, 59, 71
What are the prime factors of 57972?
2, 3, 4831
What are the prime factors of 55797?
3, 7, 2657
List the prime factors of 28797.
3, 29, 331
What are the prime factors of 3213?
3, 7, 17
List the prime factors of 3643.
3643
List the prime factors of 2990.
2, 5, 13, 23
What are the prime factors of 4368?
2, 3, 7, 13
What are the prime factors of 21140?
2, 5, 7, 151
List the prime factors of 94649.
94649
What are the prime factors of 12234?
2, 3, 2039
List the prime factors of 9254.
2, 7, 661
List the prime factors of 1152.
2, 3
List the prime factors of 859.
859
What are the prime factors of 801?
3, 89
What are the prime factors of 5268?
2, 3, 439
List the prime factors of 28799.
31, 929
What are the prime factors of 195?
3, 5, 13
List the prime factors of 6761.
6761
List the prime factors of 3061.
3061
What are the prime factors of 772?
2, 193
List the prime factors of 37.
37
What are the prime factors of 15124?
2, 19, 199
What are the prime factors